n 57201 is divided by 37.
36
Calculate the remainder when 1844698 is divided by 30.
28
Calculate the remainder when 6525 is divided by 17.
14
Calculate the remainder when 3618 is divided by 3599.
19
Calculate the remainder when 27894 is divided by 88.
86
What is the remainder when 231938 is divided by 304?
290
Calculate the remainder when 59278 is divided by 38.
36
Calculate the remainder when 25041 is divided by 861.
72
What is the remainder when 36501 is divided by 36458?
43
What is the remainder when 1397 is divided by 390?
227
Calculate the remainder when 3124 is divided by 984.
172
Calculate the remainder when 2017 is divided by 67.
7
Calculate the remainder when 47368 is divided by 861.
13
Calculate the remainder when 5928 is divided by 73.
15
What is the remainder when 180520 is divided by 1842?
4
Calculate the remainder when 2034 is divided by 75.
9
What is the remainder when 7006 is divided by 335?
306
Calculate the remainder when 161350 is divided by 34.
20
Calculate the remainder when 4674 is divided by 24.
18
What is the remainder when 22147 is divided by 2764?
35
Calculate the remainder when 1705723 is divided by 23.
20
What is the remainder when 40631 is divided by 3382?
47
Calculate the remainder when 21367 is divided by 45.
37
What is the remainder when 33844 is divided by 4225?
44
What is the remainder when 42061 is divided by 25?
11
Calculate the remainder when 1787 is divided by 542.
161
What is the remainder when 3142529 is divided by 90?
89
What is the remainder when 13615 is divided by 22?
19
What is the remainder when 15192 is divided by 131?
127
What is the remainder when 61230 is divided by 155?
5
What is the remainder when 52863 is divided by 13155?
243
Calculate the remainder when 3633 is divided by 3460.
173
Calculate the remainder when 186 is divided by 61.
3
Calculate the remainder when 71253 is divided by 3235.
83
Calculate the remainder when 1135 is divided by 64.
47
Calculate the remainder when 27526 is divided by 262.
16
Calculate the remainder when 6796 is divided by 752.
28
What is the remainder when 7141 is divided by 265?
251
Calculate the remainder when 81883 is divided by 75.
58
Calculate the remainder when 5699 is divided by 46.
41
What is the remainder when 19222 is divided by 2?
0
Calculate the remainder when 92705 is divided by 101.
88
What is the remainder when 102592 is divided by 310?
292
What is the remainder when 1307 is divided by 166?
145
What is the remainder when 15798 is divided by 1582?
1560
Calculate the remainder when 20965 is divided by 551.
27
What is the remainder when 154635 is divided by 77311?
13
Calculate the remainder when 741649 is divided by 70.
69
What is the remainder when 37151 is divided by 20?
11
What is the remainder when 60068 is divided by 60061?
7
Calculate the remainder when 12975 is divided by 4325.
0
What is the remainder when 14473 is divided by 26?
17
What is the remainder when 8208 is divided by 31?
24
Calculate the remainder when 34843 is divided by 18.
13
Calculate the remainder when 4963078 is divided by 15.
13
What is the remainder when 7082 is divided by 7061?
21
What is the remainder when 17167 is divided by 357?
31
What is the remainder when 110986 is divided by 36995?
1
What is the remainder when 2834 is divided by 2755?
79
What is the remainder when 11607 is divided by 42?
15
Calculate the remainder when 1283864 is divided by 246.
236
What is the remainder when 38303 is divided by 96?
95
Calculate the remainder when 45718 is divided by 120.
118
Calculate the remainder when 4992 is divided by 619.
40
What is the remainder when 242503 is divided by 11?
8
Calculate the remainder when 9497 is divided by 83.
35
Calculate the remainder when 11174 is divided by 274.
214
What is the remainder when 29375 is divided by 1049?
3
What is the remainder when 1417 is divided by 46?
37
What is the remainder when 142716 is divided by 10?
6
What is the remainder when 4874 is divided by 128?
10
What is the remainder when 1081 is divided by 523?
35
Calculate the remainder when 3273 is divided by 1614.
45
Calculate the remainder when 60844 is divided by 1382.
36
Calculate the remainder when 417834 is divided by 974.
962
What is the remainder when 629586 is divided by 27373?
7
Calculate the remainder when 2258 is divided by 629.
371
What is the remainder when 3957 is divided by 26?
5
Calculate the remainder when 13768 is divided by 219.
190
Calculate the remainder when 84392 is divided by 42170.
52
Calculate the remainder when 110506 is divided by 130.
6
What is the remainder when 56141 is divided by 23?
21
What is the remainder when 2090999 is divided by 1020?
1019
What is the remainder when 5699 is divided by 779?
246
What is the remainder when 15729 is divided by 3229?
2813
What is the remainder when 617 is divided by 145?
37
Calculate the remainder when 322691 is divided by 1065.
1061
Calculate the remainder when 7808 is divided by 252.
248
What is the remainder when 2406 is divided by 773?
87
What is the remainder when 60622 is divided by 43?
35
What is the remainder when 2628 is divided by 295?
268
Calculate the remainder when 19495 is divided by 19479.
16
Calculate the remainder when 62995 is divided by 15748.
3
Calculate the remainder when 5795 is divided by 656.
547
What is the remainder when 1791 is divided by 9?
0
Calculate the remainder when 1279695 is divided by 16.
15
Calculate the remainder when 43441 is divided by 144.
97
What is the remainder when 14832 is divided by 225?
207
Calculate the remainder when 19201 is divided by 712.
689
What is the remainder when 9418 is divided by 523?
4
What is the remainder when 1815 is divided by 148?
39
Calculate the remainder when 18442 is divided by 1536.
10
What is the remainder when 5150 is divided by 1711?
17
What is the remainder when 154600 is divided by 18?
16
Calculate the remainder when 174238 is divided by 110.
108
Calculate the remainder when 3030 is divided by 1273.
484
Calculate the remainder when 1651 is divided by 38.
17
What is the remainder when 427876 is divided by 17828?
4
Calculate the remainder when 146123 is divided by 65.
3
What is the remainder when 229084 is divided by 22?
20
Calculate the remainder when 1837 is divided by 1831.
6
Calculate the remainder when 10037 is divided by 42.
41
Calculate the remainder when 13160 is divided by 5708.
1744
What is the remainder when 96543 is divided by 49?
13
Calculate the remainder when 9516020 is divided by 56.
52
What is the remainder when 3336 is divided by 21?
18
What is the remainder when 78182 is divided by 11?
5
What is the remainder when 6244 is divided by 3066?
112
What is the remainder when 12218 is divided by 6099?
20
What is the remainder when 204606 is divided by 20460?
6
What is the remainder when 25126 is divided by 12558?
10
What is the remainder when 9719 is divided by 532?
143
What is the remainder when 270 is divided by 98?
74
What is the remainder when 63647 is divided by 919?
236
Calculate the remainder when 25097 is divided by 25.
22
Calculate the remainder when 16760 is divided by 91.
16
Calculate the remainder when 11510 is divided by 62.
40
Calculate the remainder when 34326 is divided by 1554.
138
Calculate the remainder when 2652760 is divided by 83.
80
Calculate the remainder when 3776 is divided by 123.
86
Calculate the remainder when 3039 is divided by 309.
258
Calculate the remainder when 1474 is divided by 3.
1
What is the remainder when 717606 is divided by 446?
438
What is the remainder when 43465 is divided by 43?
35
What is the remainder when 117744 is divided by 113?
111
What is the remainder when 3877 is divided by 622?
145
Calculate the remainder when 379283 is divided by 18061.
2
What is the remainder when 2783 is divided by 899?
86
Calculate the remainder when 3443 is divided by 858.
11
What is the remainder when 458033 is divided by 57252?
17
What is the remainder when 81692 is divided by 851?
847
Calculate the remainder when 276554 is divided by 92183.
5
What is the remainder when 18923 is divided by 83?
82
Calculate the remainder when 8962580 is divided by 383.
380
What is the remainder when 2897 is divided by 957?
26
Calculate the remainder when 9795 is divided by 12.
3
What is the remainder when 42828 is divide